*h - 970. What is the units digit of h/15*6/4?
7
Let l(d) = d**2 + d + 7. Let o(h) = -2*h**3 - 7*h**2 + 3*h - 9. Let k be o(-4). What is the tens digit of l(k)?
2
Let k be ((-156)/18)/((-1)/3). Let z = 83 - k. What is the tens digit of z?
5
Suppose -25 = -5*d, 0 = 2*l + d - 11 - 2. Suppose 3*y - 278 = 2*m - 7*m, -219 = -l*m + y. What is the units digit of m?
5
What is the tens digit of 157530/525 + 10/(-175)?
0
Let l(y) = 7*y - 18. Let c(g) = -8*g + 17. Let n(h) = -6*c(h) - 7*l(h). Let a be n(0). Suppose 0 = -k - 7 + a. What is the tens digit of k?
1
What is the units digit of (5 - (-2950)/40)/(1/4)?
5
Suppose 19 = 2*f - 3. Let h(x) = 2*x**2 - 15*x - 11. What is the tens digit of h(f)?
6
Let x(s) = -s**3 + 15*s**2 + s - 19. Let l be x(15). Suppose 0 = -2*r + g + 14, -3*g - 11 = -2*r - 1. Let n = l + r. What is the units digit of n?
4
Suppose -4319 = -18*z + 1657. What is the hundreds digit of z?
3
Let w = 23 + -20. Suppose 0*u = w*u - 30. Let j = 36 - u. What is the units digit of j?
6
Suppose 4*d - 8 = -2*c, 0 = -0*c + 5*c - 5*d - 5. What is the units digit of (c/(-5))/(17/(-2805))?
6
Let m = 9 - -5. What is the units digit of 190*(m/4)/7?
5
Let j(i) = -44*i + 74. What is the hundreds digit of j(-28)?
3
Suppose -4*p - 3*b = -11, -5*p - 33 = -3*b - 13. Let j be 3 + -3 + p + 1. Suppose 5*q + j - 5 = 0, -3*s = 5*q - 59. What is the units digit of s?
8
Let z(b) = b**2 + 15*b - 1 - 9*b - 5*b. What is the units digit of z(2)?
5
What is the units digit of ((-86)/2)/(8/(-16))?
6
Let p = 110 - 119. What is the units digit of 15 + p - (4 - 1)?
3
Suppose 0 = -z - 3*p + 1060, p + 12 = 5*p. What is the units digit of z?
1
What is the tens digit of (-14)/(-35) - 48/(-5)?
1
Let f = 1408 + -654. What is the units digit of f?
4
Let c(m) = 72*m + 3. Let j = -119 - -121. What is the tens digit of c(j)?
4
Suppose -150 = -18*q + 20*q. Suppose 147 = u - 0. Let m = u + q. What is the tens digit of m?
7
Let r(k) = k**3 - 4*k + 2. Let y be r(2). Suppose 5*z + y*a = 360, 2*a - 5 = a. What is the tens digit of z?
7
Let n = -746 + 1090. What is the hundreds digit of n?
3
Suppose 4*y + y = 775. Suppose 20*j = 15*j + y. What is the units digit of j?
1
Let m(s) = 1007*s**2 + s. What is the tens digit of m(1)?
0
What is the hundreds digit of 1*-3 - 3*(-1 + -96)?
2
What is the units digit of ((-5)/(-3))/((-19)/(-4674))?
0
Suppose -a + 895 + 98 = 4*i, 0 = -5*a - 4*i + 4997. What is the tens digit of a?
0
Suppose -48*o + 97886 = -14*o. What is the hundreds digit of o?
8
Suppose -5*y - 6 = -1. What is the tens digit of 3 + y - (-5)/5*111?
1
What is the tens digit of (21 - 27) + 2733 + -2 + 1?
2
Suppose 9*t - 7*t = 20. Let r = -6 + t. What is the units digit of r?
4
What is the tens digit of -1 + (3 - 0)*(104 - -8)?
3
Suppose -16 = -5*m - 6. Suppose r - 15 - 7 = -o, 4*o = m*r - 14. What is the units digit of r?
7
Suppose 2*b - 135 = -0*b - 3*a, -a = 5*b - 331. Let p = b + -14. What is the units digit of p?
2
Let q = -13 + 16. Suppose 82 = 2*v + 4*r, 0 = 4*v + 6*r - q*r - 159. What is the units digit of v?
9
Let l be (9/6)/(-3)*0. Suppose 2*r - 56 = -l*r. Suppose 0 = -w + r - 2. What is the tens digit of w?
2
Let z = 14 + 15. What is the units digit of z?
9
Suppose 0*q + 2*q - 2*k - 3262 = 0, -2*k = -3*q + 4896. What is the thousands digit of q?
1
Suppose 6*t + 0 = 12. Suppose 0 = -0*r - t*r + 10. Suppose 169 = m + 3*m + r*z, -5*m + 3*z = -165. What is the units digit of m?
6
Let n be ((-2)/(-4))/((-124)/(-32) + -4). Let a(c) = 10*c**2 - 4*c + 6. What is the units digit of a(n)?
2
Suppose -9*g + 6*g = -9. Let r(x) be the second derivative of 7*x**3/6 + 2*x**2 + 2*x. What is the tens digit of r(g)?
2
Let k(z) = -97*z + 1521. What is the thousands digit of k(0)?
1
Let c = -630 - -634. What is the units digit of c?
4
Let h(m) = 9*m + 27*m**2 - 10*m + 59*m**2. What is the units digit of h(-1)?
7
Let r(d) = 13*d + 9*d**2 + 7*d**2 + 31 + 10*d**2 - 25*d**2. What is the units digit of r(-21)?
9
Suppose -3676 = -4*k - 1220. What is the units digit of k?
4
Suppose 578 = -13*h + 10107. What is the hundreds digit of h?
7
Let x be (-2)/2 + 3 + 3. Suppose -2*u - 26 = 4*o, 3*u + x = -2*u + 2*o. Let m(p) = -6*p + 6. What is the units digit of m(u)?
4
Suppose 0 = 2*k + 1 - 3. Let g be k/2*8*1. Suppose o - 2*q = g, 3*q + 0*q = -5*o + 46. What is the units digit of o?
8
Let t be 40/5 + (-2 - -1). What is the units digit of (9/18 - t/(-6))*51?
5
Let x = 3379 - 1973. What is the hundreds digit of x?
4
Suppose 2*f = 5*b + 4 + 3, 3*f - 73 = -5*b. Suppose 1298 = f*y - 5*y. What is the tens digit of y?
1
Suppose 5*m - 2*j = 3*j + 215, 4*m + 5*j - 145 = 0. What is the units digit of m?
0
Let p(i) = -2458*i + 7. What is the thousands digit of p(-1)?
2
Let p(m) = -7 - 11 + 0 + 24*m - 10*m. What is the units digit of p(10)?
2
Suppose -8*c = 7*c + 1500. What is the tens digit of (-40)/(-6)*(-3840)/c?
5
Suppose -8*v + 6*v = -3*w + 1856, 3*v - 1866 = -3*w. What is the tens digit of w?
2
Let c be (34/(-17))/(1/2). Let o(h) = -h**3 - 3*h**2 + 4*h + 6. Let m be o(c). Suppose -2*w - 29 = -x, 3*x = m*x - 4*w - 95. What is the tens digit of x?
3
Suppose d - 5*n - 81 = 33, -2*n + 6 = 0. Suppose 0*w + d = 3*w. What is the tens digit of -1*(w - 2)*-1?
4
Suppose 22 = 2*v + 4. Suppose -4*k = -20, -2*s - v*k + 5*k = -294. What is the hundreds digit of s?
1
Let w(c) = 6*c**3 - 2*c**2 + 3*c. Let v be w(2). Let i = v + 24. What is the tens digit of i?
7
Let a = -3983 + 6276. What is the tens digit of a?
9
Let d = -84 + 87. What is the units digit of 2/d + 530/15?
6
Let m(k) = k**3 + 4*k**2 - 9*k + 2. Let j(o) = -5*o**2 + 2*o - 2. Let a be j(1). What is the units digit of m(a)?
2
Suppose 5*f - 14 = -s, -4*f + 13 - 2 = s. Suppose -f*h - k = -4, -5*h + 0*h = -5*k - 40. Suppose h*a - 6 = -2*x, x - 2*a = 15 + 2. What is the units digit of x?
9
Let m(u) = 2*u**3 - 9*u**2 - 14*u + 12. What is the units digit of m(11)?
1
Suppose -44 = -5*u - 164. Let c = 64 - u. What is the units digit of c?
8
Let w = -13 + 13. Let h be (0 + -195)*(w + -1). Suppose 5*l + 80 = -5*i + h, -3*l - 5*i + 61 = 0. What is the units digit of l?
7
Suppose 123002 + 14212 = 77*v. What is the tens digit of v?
8
What is the tens digit of -5 + 1 + -13 + 130?
1
Suppose -173 = -10*f + 1477. What is the units digit of f?
5
Let n(j) = -2*j**2 + 108*j - 244. What is the tens digit of n(42)?
6
Let t = 37 - 30. Suppose 4*f - t*f = -189. What is the tens digit of f?
6
Let g = 13 + -7. Suppose -g = a - 11. Suppose -a*z = -0*z - 75. What is the tens digit of z?
1
Let m(h) = -2*h**3 + 4*h**2 + h - 3. Let x be m(-3). What is the units digit of (-1174)/(-26) + 2 + x/(-39)?
5
Let x(g) be the third derivative of g**6/120 + 13*g**5/60 + 13*g**4/24 + 2*g**3/3 - 24*g**2. What is the units digit of x(-7)?
7
Let v(s) = -745*s - 584. What is the tens digit of v(-8)?
7
Suppose -43*i + 13410 = -13*i. What is the hundreds digit of i?
4
Suppose -16*u = -8*u - 112. Suppose -10*i = -u*i + 180. What is the units digit of i?
5
Let n(w) = -w**3 + 11*w**2 - 8*w - 8. Let h be n(10). Let p be ((-50)/(-30))/((-2)/18). Let g = h - p. What is the tens digit of g?
2
What is the thousands digit of (-3)/(21/14) - -1982?
1
Suppose 3*f + o - 4*o = -33, -4*o = -f - 26. What is the units digit of 279*(1/f - (-11)/22)?
3
Suppose -5*p = -8*p + 24. Let z = p - 4. Suppose -z*a - l = -215, 4*a + 5*l - 195 = -0*l. What is the units digit of a?
5
Suppose o - 3*p = 446, 2246 = 5*o - 0*p + p. What is the hundreds digit of o?
4
Let k = 30 - 24. Suppose 55 + 71 = k*c. What is the units digit of c/6 - (-12)/8?
5
Let t = 573 - -84. What is the tens digit of t?
5
Let l be (-1)/1*(3 + -8). Suppose 26 = 4*t - 3*h, -l*h + 4 + 6 = 0. What is the units digit of t?
8
Suppose -4*g = -2*g - 4. What is the units digit of (((-24)/(-9))/g)/(2/255)?
0
Let x(i) = 2 + 17*i + 2 + 4 - 4. What is the units digit of x(1)?
1
What is the thousands digit of -4*(1 + -312) + 7?
1
Let t(m) = 93*m - 44. Let x(d) = -31*d + 15. Let o(j) = 6*t(j) + 17*x(j). What is the units digit of o(3)?
4
Suppose 17*a - 84600 + 5754 = 0. What is the tens digit of a?
3
Suppose -140 = -5*f + 3*f. Let b = -35 + f. What is the tens digit of b?
3
Suppose -x - 5778 = -3*z, 0 = 2*z - 12*x + 4*x - 3830. What is the tens digit of z?
2
Let o = -1 - 12. Let s be 28/13